
14
In base 15, what is -3 + 8ba?
8b7
In base 13, what is -1b + -2?
-20
In base 11, what is 0 - 24?
-24
In base 13, what is 3 + -242?
-23c
In base 9, what is 6 - -775?
782
In base 15, what is 3 - -18?
1b
In base 2, what is -11 - -11010011?
11010000
In base 5, what is 122042 + -2?
122040
In base 8, what is -426 + 1?
-425
In base 6, what is 5 + -250?
-241
In base 12, what is -4 - -1b05?
1b01
In base 6, what is -21 - 304?
-325
In base 2, what is -11010110110 + -101?
-11010111011
In base 10, what is 4 - -111?
115
In base 13, what is -42 + 3?
-3c
In base 7, what is -2 + 160?
155
In base 12, what is 1 + -74?
-73
In base 15, what is -1ae2 + 6?
-1adb
In base 10, what is 14495 + -1?
14494
In base 6, what is -513 - 1?
-514
In base 14, what is 26 - -63?
89
In base 3, what is 22 + 101122?
101221
In base 6, what is 11 + 23?
34
In base 9, what is 14 - -18?
33
In base 10, what is -4 - 529?
-533
In base 8, what is -271 - -3?
-266
In base 12, what is 5 - 945?
-940
In base 7, what is 13 + 101?
114
In base 9, what is -76 + 0?
-76
In base 7, what is -4214 + -4?
-4221
In base 13, what is 2 - 241?
-23c
In base 7, what is -5 + 66?
61
In base 7, what is -16 - -50?
31
In base 4, what is -2111 - -12?
-2033
In base 16, what is -35 + 0?
-35
In base 2, what is 100100 + -1101?
10111
In base 16, what is -49 + -3?
-4c
In base 11, what is -5 - 68?
-72
In base 3, what is -2221 + -202?
-10200
In base 9, what is -6 - 244?
-251
In base 14, what is -1 + 1?
0
In base 9, what is -3 - -1171?
1167
In base 2, what is -1010110110 - -11?
-1010110011
In base 12, what is 1 + -3172?
-3171
In base 14, what is -20ad + -2?
-20b1
In base 8, what is -16057 - -3?
-16054
In base 3, what is 11102 - -12?
11121
In base 5, what is 4 + 2231?
2240
In base 15, what is 1 - 25?
-24
In base 8, what is 0 + -72?
-72
In base 11, what is -111 - 2?
-113
In base 6, what is 1 + -1140?
-1135
In base 2, what is -11 + -101?
-1000
In base 11, what is -3 + -660?
-663
In base 12, what is -17 - -149?
132
In base 9, what is -61 + -31?
-102
In base 4, what is -1 + -10310?
-10311
In base 13, what is -a - -1a1?
194
In base 14, what is -19 + -17?
-32
In base 10, what is -173 + -15?
-188
In base 11, what is 292 + 3?
295
In base 5, what is -230 + -10?
-240
In base 7, what is 5 - 1355?
-1350
In base 8, what is -7 - -34?
25
In base 4, what is -11103 - -3?
-11100
In base 16, what is 10c - 28?
e4
In base 13, what is -17 - -8b?
74
In base 13, what is 6 - -a8?
b1
In base 10, what is 2 - 889?
-887
In base 13, what is 821 - 4?
81a
In base 5, what is 200301 - 4?
200242
In base 3, what is -2 - 20101?
-20110
In base 13, what is 6 + 2?
8
In base 16, what is -20 + 20?
0
In base 3, what is -112102121 - -1?
-112102120
In base 7, what is 3346 - -4?
3353
In base 8, what is 21 - 43?
-22
In base 7, what is -45124 - -3?
-45121
In base 13, what is 26 + 790?
7b6
In base 12, what is -73 + 1?
-72
In base 13, what is -2b0 - 3?
-2b3
In base 7, what is 1 - 1161?
-1160
In base 7, what is 1260 - -2?
1262
In base 8, what is -5 - 4?
-11
In base 8, what is 0 - 13655?
-13655
In base 14, what is 14b + 4?
151
In base 8, what is -604 + -4?
-610
In base 9, what is 1 - 386?
-385
In base 6, what is 1231 + 2?
1233
In base 3, what is 22 + -2100011?
-2022212
In base 14, what is 379 - -29?
3a4
In base 12, what is 35 + 4?
39
In base 7, what is 4 + 2440?
2444
In base 2, what is -10111 - -1110110?
1011111
In base 16, what is 99 + -42?
57
In base 14, what is -1 - 121?
-122
In base 3, what is -2 + 102?
100
In base 2, what is -1000011 + 1?
-1000010
In base 13, what is 10 - -4?
14
In base 3, what is -112 - -2112?
2000
In base 9, what is 10 + 4?
14
In base 13, what is 1 + -109?
-108
In base 9, what is -473 + 12?
-461
In base 16, what is 6d + -6?
67
In base 6, what is -425 + -1?
-430
In base 13, what is 33 - 6?
2a
In base 4, what is 10 - 1110301?
-1110231
In base 3, what is -11 - -21?
10
In base 11, what is 2a + -6?
24
In base 10, what is -2 + 281?
279
In base 8, what is 0 - -162?
162
In base 3, what is 101 + 20221?
21022
In base 13, what is a - -12?
1c
In base 12, what is -14 + -53?
-67
In base 6, what is -125 + 232?
103
In base 7, what is 1106 - -4?
1113
In base 16, what is 5 + c1?
c6
In base 4, what is -10322 + 3?
-10313
In base 8, what is 1001 + -1?
1000
In base 14, what is c - -2?
10
In base 10, what is -75 + -5?
-80
In base 2, what is -101010101 + 100?
-101010001
In base 3, what is -2211022 - 1?
-2211100
In base 14, what is -cc5 + -4?
-cc9
In base 11, what is 2 + 7a5?
7a7
In base 16, what is -9 - 1?
-a
In base 16, what is -4 + -34?
-38
In base 8, what is -1 + -1451?
-1452
In base 6, what is 3203 + -4?
3155
In base 8, what is 0 + -123?
-123
In base 4, what is 1020122 + 11?
1020133
In base 13, what is -3a2 + 4?
-39b
In base 10, what is 2 - 305?
-303
In base 7, what is 505 - 3?
502
In base 5, what is -3 + -2243?
-2301
In base 3, what is 221200 + 11?
221211
In base 9, what is 1105 + 3?
1108
In base 14, what is 5 + -249?
-244
In base 12, what is -1a - -160?
142
In base 8, what is 3 + -466?
-463
In base 9, what is -3 - -1310?
1306
In base 8, what is -153 + 12?
-141
In base 11, what is 271 - -28?
299
In base 7, what is 641 - 0?
641
In base 15, what is -30 - -a9?
79
In base 8, what is -467 - 20?
-507
In base 16, what is 26 - 30?
-a
In base 4, what is -112310 + 100?
-112210
In base 16, what is -4 - 4f6?
-4fa
In base 6, what is 32 + 14?
50
In base 11, what is -a3a4 + -2?
-a3a6
In base 2, what is 110101011001 - -110?
110101011111
In base 6, what is 1 - -113?
114
In base 5, what is 114 - 20?
44
In base 13, what is -103 - 7?
-10a
In base 14, what is 4 - -1116?
111a
In base 2, what is 10110011 - -111?
10111010
In base 13, what is -5 + -c5?
-ca
In base 4, what is -1202 - 111?
-1313
In base 6, what is -15 + -1?
-20
In base 14, what is 191 + 4?
195
In base 14, what is -23 - 4?
-27
In base 16, what is 0 + -275?
-275
In base 5, what is 2 + 11423?
11430
In base 14, what is 3da + -1?
3d9
In base 3, what is 22 + -211?
-112
In base 6, what is 22 + 0?
22
In base 6, what is 5 - 12045?
-12040
In base 16, what is -44 - -3?
-41
In base 6, what is 3 - 51?
-44
In base 12, what is -4a1 + -5?
-4a6
In base 8, what is -3 + -2116?
-2121
In base 7, what is -4 + 21003?
20666
In base 14, what is 2b5 + -2d?
286
In base 14, what is -1583 + 6?
-157b
In base 16, what is -14 + -3?
-17
In base 10, what is 50911 + 2?
50913
In base 5, what is 302121 + 2?
302123
In base 16, what is -5 - -131?
12c
In base 16, what is -3 - -242?
23f
In base 15, what is -6c - 5?
-72
In base 9, what is 2514 - 1?
2513
In base 3, what is -10 + -20?
-100
In base 15, what is 3 + 17a?
17d
In base 5, what is 4 - -104?
113
In base 4, what is -11 + 311?
300
In base 15, what is -2 + -6e?
-71
In base 11, what is -925 + 11?
-914
In base 7, what is -1 + 325?
324
In base 13, what is 0 - -3?
3
In base 3, what is 12 + -10?
2
In base 16, what is 89 - 9?
80
In base 15, what is -8c - -6?
-86
In base 8, what is 2017 - -27?
2046
In base 15, what is -3 - -bb?
b8
In base 15, what is 15a - 0?
15a
In base 5, what is -242 - 10?
-302
In base 9, what is 21 - -270?
301
In base 9, what is 3 + -3513?
-3510
In base 2, what is 110101001 + 1011?
110110100
In base 16, what is b - 32e?
-323
In base 14, what is 30 - 6?
28
In base 8, what is -432 - -17?
-413
In base 15, what is -2a7 + 3?
-2a4
In base 3, what is 0 + 11222?
11222
In base 15, what is -1b + -c?
-28
In base 5, what is -114 - -3?
-111
In base 8, what is 107 - -27?
136
In base 15, what is 1 - 10?
-e
In base 13, what is -105 + -2a?
-132
In base 7, what is -131 + 0?
-131
In base 6, what is -2 - -11?
5
In base 13, what is -c - 8?
-17
In base 5, what is -20332 - 1?
-20333
In base 8, what is -14 + -2?
-16
In base 16, what is 3 + 45d?
460
In base 11, what is -3251 + 2?
-324a
In base 6, what is 11 + -21?
-10
In base 15, what is 5 + 1c?
22
In base 5, what is -1132443 + -2?
-1133000
In base 6, what is -1 - -21033?
21032
In base 4, what is -3122 + 1?
-3121
In base 16, what is 2 + 47?
49
In base 16, what is 21 + a?
2b
In base 10, what is 119 + -5?
114
In base 13, what is 5 + -63?
-5b
In base 8, what is 26 + -72?
-44
In base 7, what is 1 + 2306?
2310
In base 2, what is -1001000101101 - -100?
-1001000101001
In base 14, what is -5b6 - -5?
-5b1
In base 13, what is -17 + -a8?
-c2
In base 2, what is 10100 + -100?
10000
In base 